5*k + 2*t = -k - 22. Is k/((-36)/80)*(-2631)/4 a prime number?
False
Let u(l) = 4*l + 31. Let f be u(-8). Is f/((-1)/5090) + (-18 - -17) a prime number?
False
Let m(r) = -r**3 + 10*r**2 + 4. Let v be (-6 + 11)*(-4)/(-2). Let q be m(v). Suppose q*k = k + 489. Is k composite?
False
Suppose 0 = -17*c + 21*c - 5564. Is c prime?
False
Suppose -3*h - 88 = 4*k, 3*h + 47 + 38 = -k. Let j(c) = c**3 + 38*c**2 - 12*c + 21. Is j(h) composite?
True
Suppose -5 = 3*i + 2*c + 3*c, -5*c = 4*i. Let g(z) = -2*z**3 - 9*z**2 - 4*z - 4. Let w(r) = -r**3 - r. Let h(l) = -g(l) + 3*w(l). Is h(i) composite?
False
Let j(u) = 51*u**2 - 21*u + 107. Is j(9) composite?
False
Let s(u) = 37*u**2 - 9*u - 29. Is s(-11) composite?
False
Suppose 0 = 10*i - 6*i + 1288. Let u = i + 3221. Is u composite?
True
Suppose 0*r = 2*r - 284. Suppose 6*g + r = 568. Is g composite?
False
Suppose 0 = -5*f - 0*f + 4525. Suppose f = 4*n - 419. Is n a prime number?
True
Suppose -12 = -3*k + 3*h + 21, -4*k + 44 = h. Is 2/k - (-10495)/55 a prime number?
True
Suppose -5*m = y - 0*m - 24, -y - 8 = -3*m. Suppose 5*k - 6 = y. Is 2 - (-96 - k) - 3 prime?
True
Suppose 39*x + 1745 = 34*x. Let p = x + 602. Is p composite?
True
Let q = 251 - 170. Suppose 0 = -5*p + 184 + q. Is p prime?
True
Suppose 114956 = 5*l - 3*x, 53365 + 61609 = 5*l + 3*x. Is l prime?
True
Let h = -609 + 1020. Is h a composite number?
True
Suppose -5*b + 21 = -79. Suppose b = -3*c + 3*p + 2, 3*c + 3*p - 12 = 0. Let r = c + 16. Is r a prime number?
False
Let x = 2783 - 1002. Is x prime?
False
Let a be (116/5 + 0)/(6/(-45)). Let z = -51 - a. Is z a composite number?
True
Suppose 14839 = 2*m - 3*t + 4008, -2*t = -4*m + 21658. Is m a composite number?
True
Let i(m) = 6*m**2 + m + 1. Let f be i(-1). Suppose 7 = 3*x + l, 2 = -l + f. Is ((-2)/4 - x)*-34 prime?
False
Let a = -4935 + 9686. Is a a composite number?
False
Let d = 1 - 1. Let x = -48 + 62. Suppose -m + 93 - x = d. Is m a prime number?
True
Let q(h) = 8*h**2 - 20*h - 23. Let k be q(-18). Suppose -5*l + k = 3*s, 3*s = 5*l - 387 - 2554. Is l a prime number?
True
Suppose -6*m + 4*i + 26677 = -3*m, -26645 = -3*m - 4*i. Is m a prime number?
True
Let b be (2/3)/((-6)/9). Let v(f) = f - 4 - 243*f**2 + 541*f**2 + 5. Is v(b) a prime number?
False
Let g = -35 - -36. Suppose -a - 2*q = -2*a + 5, -a = -4*q + g. Is a composite?
False
Is (34/(-2)*1)/((-1)/191) prime?
False
Suppose 5*g + 4*m + 1140 - 102 = 0, -2*g + 5*m - 435 = 0. Is (-2 + g/(-8))*(-2 + 46) composite?
True
Let z = 22 - 9. Let g = z + -12. Is (3 - 50/g)/(-1) a prime number?
True
Let h be 17/1 - 2 - (5 - 3). Suppose -h*b = -9*b - 1988. Is b a prime number?
False
Let a = -972 + 1759. Let g(z) = -z - 10. Let b be g(-10). Suppose u + a = 3*c, -5*c + b*u + 1307 = -4*u. Is c a prime number?
True
Let t(a) = a**3 + 7*a**2 + 3*a + 28. Let i be t(20). Suppose 2*u - i = -6*u. Is u composite?
False
Suppose 0 = 162*w - 165*w + 14727. Is w prime?
True
Suppose -4*p = 4, -5*a - 2*p = -a + 42. Let f = -6 - a. Is ((-3)/(-9))/(f/996) prime?
True
Let y(m) = m**2 - 2*m + 3. Let n be y(4). Suppose n*f + 2328 = 14*f. Suppose 0*j + f = 5*j - z, -469 = -3*j + 4*z. Is j composite?
True
Suppose 0 = -6*b + b + 10. Let v be (-3)/b + (-6)/4. Is ((-1)/v)/(4/444) prime?
True
Suppose a = 4*a - 1119. Is a a composite number?
False
Let j(b) be the second derivative of -41*b**5/20 - b**4/4 + b**3/2 + b**2/2 + 5*b. Let x be j(-4). Suppose -x = -4*i + 415. Is i a composite number?
True
Suppose 2*o = -0*o + 5040. Let h = -42 - -41. Is (o/(-4) - h)*-1 a prime number?
False
Let t be (-3 + (-165)/25)*-55. Suppose -s + 5*p = 246, 3*s = s + p - t. Let c = s - -424. Is c a prime number?
False
Suppose 10278 = -49*d + 67*d. Is d composite?
False
Suppose 26*u = 33*u - 36743. Is u a composite number?
True
Let f = 53 - 37. Is 4/(-5)*(-2360)/f composite?
True
Let m = 35 - 32. Suppose -2421 = -3*f + m*i, -751 = -2*f - i + 869. Is f a prime number?
True
Suppose -5 = 3*t - 20. Suppose -2*f - 3*z = -19, 8*f - 35 = 3*f - t*z. Is ((-54)/(-24))/(f/8) composite?
True
Let z(v) be the third derivative of 3*v**5/20 + v**4/24 + v**3/2 + 3*v**2. Let m be z(5). Let o = m - 154. Is o composite?
False
Let f(m) = -427*m**3 + m**2 + m. Suppose 3*d + 2*d - 15 = 0. Let a = 2 - d. Is f(a) composite?
True
Let k(r) = 257*r**2 + 11*r - 13. Is k(3) prime?
True
Suppose -103*p = -91*p - 43716. Is p prime?
True
Let s(n) = -14214*n - 13. Is s(-2) a prime number?
False
Let u(x) = -3*x + 31. Let z be u(-8). Is (-5 - 2)/((-1)/z) - -4 a prime number?
True
Let k(c) = 6*c**2 - 14*c + 59. Is k(30) prime?
True
Suppose 0 = 2*a - 0. Is (a + 2)*(-127)/(-2) prime?
True
Suppose y - 2*y - 5 = 3*s, -5*s = -2*y - 10. Suppose -5*n + 4275 + 460 = s. Is n composite?
False
Suppose -2*x + 2*t + 6 = 0, -5*x + t = -3 - 16. Suppose 0 = -x*y - 0*r + 3*r + 115, -2*y = -2*r - 56. Is y prime?
True
Let a(w) be the third derivative of w**5/60 - 5*w**4/12 - 7*w**3/3 + 31*w**2. Is a(-9) a prime number?
True
Let v(g) = -2*g**3 - 6*g**2 - 2*g - 4. Let a be v(-3). Suppose -b + a*y = -399, -4*b + 1008 = 2*y - 638. Is b composite?
False
Is (-192626495)/(-4485) + (-4)/78 a composite number?
True
Let a(c) = 138*c**2 - 30*c - 191. Is a(-5) a composite number?
True
Let f be 3 - (-1 - (-2 - -3)). Suppose 2*u = 3*y - 320, 532 = f*y + u - 3*u. Suppose -4*n + 1344 = 4*c, 2*c - 4*n - 536 = y. Is c a composite number?
False
Let v(y) be the second derivative of -3*y**2 + 4/3*y**4 + 5*y + 0 - 1/6*y**3. Is v(5) composite?
False
Suppose 103*b - 121*b + 783306 = 0. Is b a composite number?
False
Let q(i) be the second derivative of 73*i**4/12 + 4*i**3/3 - 25*i**2/2 - 28*i. Is q(-10) a prime number?
False
Let u = 71 + -69. Is 1194/8 + u/(-8) composite?
False
Let z(x) = 4*x**3 + 2*x**2 - 8*x + 4. Suppose -3*o = 8*c - 3*c - 9, 2*o - 6 = 2*c. Is z(o) a prime number?
False
Suppose i - 50107 = -5*k, 19 - 15 = 2*i. Is k a prime number?
False
Let v(b) = -3*b**3 + 10*b**2 - 2*b + 8. Let g be v(8). Let t = g - -1293. Is t a composite number?
False
Is 53 + (1 - 4 - 64/(-8)) a composite number?
True
Let p(x) = x**2 - 3*x - 2. Let y be p(2). Let n(d) = 2*d**2 + 4*d - 3. Is n(y) prime?
True
Let w be (-8)/16 + (-1)/(-2). Suppose -3*a - k + 1 + w = 0, 2*k = -3*a - 4. Suppose -4*g + a*c + 76 = 0, -2*g - c = -5*g + 57. Is g prime?
True
Suppose 18 = -2*p + 26. Suppose 5*f = 0, n + p*f = -3*n + 3164. Is n prime?
False
Let x(t) = 10311*t**2 + 20*t + 22. Is x(-1) composite?
False
Let u = -31 + 35. Suppose -7*r + 21 = -u*r. Is r composite?
False
Suppose -23*k = 1815 - 27920. Is k prime?
False
Is (-1 - 12/(-4)) + 467 a composite number?
True
Let u be ((-12)/2)/3 + -57. Suppose 8 = -7*b + 5*b. Let i = b - u. Is i a prime number?
False
Let l(z) = z**3 + 0 - 4*z + 2 + 4*z**2 + 0*z**3. Let n be l(-4). Let f = -5 + n. Is f prime?
True
Suppose -502 = -3*t + 6*t + 5*k, t + 4*k = -165. Let z = 2 + -26. Let x = z - t. Is x composite?
True
Let c(a) = -109*a + 35. Is c(-6) a prime number?
False
Let x be -2 - (-5)/(25/65). Suppose -6590 = -x*b + b. Is b composite?
False
Suppose 0 = -u + 3*y + 5939, -2*y = 2*u - 5288 - 6622. Is u a prime number?
False
Let f(x) = 3 - 4 - 2 + 4 - 484*x. Is f(-1) a prime number?
False
Let r(g) = -g**3 - 7*g**2 + 5*g - 11. Is r(-12) prime?
False
Let k = -67424 - -102231. Is k a composite number?
False
Suppose 3*i + 2*z - 20 = -i, -1 = -3*i + 2*z. Suppose 563 = i*n - 15*t + 19*t, 2*n = -t + 372. Is n a prime number?
False
Suppose -27 = -3*m - 5*g, -6 = -4*m + m + 2*g. Let q(w) = 817*w + 3. Is q(m) composite?
False
Is (-67711)/(-34) - (-1)/(-2) a composite number?
True
Is (6 + -9)/(6/(-1618)) composite?
False
Let z(c) = 127*c**2 - 6*c + 7 + 72*c**2 + 13*c. Is z(-4) a prime number?
True
Let l(j) = j + 19. Let n be l(-10). Suppose 1068 - 5307 = -n*z. Is z composite?
True
Suppose d = -4*d - 835. Let v = d - -337. Suppose 16 = 4*p, 5*o + 5*p = 20 + v. Is o a prime number?
False
Let o(f) = -5*f**2 - f + 2. Let d be o(1). Let t be 3*(d + 136/6). Let n = t - 3. Is n a composite number?
False
Let n = 377 + -331. Let m(t) = -t**3 - t**2 - t - 1. Let r be m(2). Let p = r + n. Is p a composite number?
False
Let o(x) = 2*x**2 - 16*x - 2. Let u be o(7). Let c = u + 249. Is c prime?
True
Let l(n) = -9*n**2 + 6*n + 679. Is l(0) composite?
True
Suppose 0 = -6*p + 2291 + 8119. Is p